37592652?
5
What is the millions digit of 532915552?
2
What is the ten millions digit of 9180760181?
8
What is the hundred millions digit of 609330356?
6
What is the billions digit of 1685439417?
1
What is the thousands digit of 174532694?
2
What is the tens digit of 327953409?
0
What is the hundred millions digit of 341230005?
3
What is the ten millions digit of 4789598829?
8
What is the thousands digit of 3581074140?
4
What is the hundreds digit of 1549882196?
1
What is the units digit of 217913065?
5
What is the millions digit of 240934285?
0
What is the ten millions digit of 1075206251?
7
What is the millions digit of 78169492?
8
What is the thousands digit of 249409123?
9
What is the ten millions digit of 158464378?
5
What is the thousands digit of 39034575?
4
What is the thousands digit of 391796472?
6
What is the ten millions digit of 514098712?
1
What is the ten thousands digit of 672339?
7
What is the hundred thousands digit of 70790209?
7
What is the hundred millions digit of 476641386?
4
What is the units digit of 810005713?
3
What is the millions digit of 7271888767?
1
What is the hundred thousands digit of 313879939?
8
What is the tens digit of 96819739?
3
What is the hundred millions digit of 120811945?
1
What is the ten thousands digit of 1429216?
2
What is the ten millions digit of 111402151?
1
What is the millions digit of 5666829295?
6
What is the units digit of 720441935?
5
What is the hundred thousands digit of 402839926?
8
What is the ten thousands digit of 1874586323?
8
What is the ten millions digit of 463646531?
6
What is the hundred thousands digit of 673760560?
7
What is the ten thousands digit of 333868387?
6
What is the ten millions digit of 126271580?
2
What is the billions digit of 2707938319?
2
What is the hundred thousands digit of 113753?
1
What is the ten millions digit of 1213239390?
1
What is the hundred millions digit of 1614201553?
6
What is the hundred thousands digit of 235323422?
3
What is the units digit of 10234154?
4
What is the units digit of 438690455?
5
What is the millions digit of 63775016?
3
What is the millions digit of 57768374?
7
What is the thousands digit of 796438061?
8
What is the thousands digit of 454225124?
5
What is the millions digit of 2737977672?
7
What is the ten millions digit of 217309167?
1
What is the hundred millions digit of 351239953?
3
What is the millions digit of 5656959?
5
What is the ten thousands digit of 2478328566?
2
What is the hundred millions digit of 3249849154?
2
What is the hundreds digit of 12153387?
3
What is the billions digit of 3247347379?
3
What is the ten millions digit of 48640409?
4
What is the billions digit of 3176466718?
3
What is the hundreds digit of 12662288?
2
What is the ten thousands digit of 685395849?
9
What is the units digit of 28181737?
7
What is the millions digit of 4980401386?
0
What is the thousands digit of 19788760?
8
What is the hundred thousands digit of 759538261?
5
What is the ten millions digit of 31721028?
3
What is the tens digit of 2397510927?
2
What is the ten millions digit of 54644941?
5
What is the ten millions digit of 1012939060?
1
What is the hundreds digit of 97259910?
9
What is the ten millions digit of 217510688?
1
What is the units digit of 26973716?
6
What is the millions digit of 8390288900?
0
What is the hundreds digit of 182643565?
5
What is the ten millions digit of 19061471?
1
What is the tens digit of 22089572?
7
What is the hundred thousands digit of 852550237?
5
What is the units digit of 238681466?
6
What is the hundred millions digit of 554370470?
5
What is the thousands digit of 101825426?
5
What is the hundred millions digit of 1882561942?
8
What is the ten thousands digit of 2502357504?
5
What is the hundreds digit of 208063999?
9
What is the ten thousands digit of 16993686?
9
What is the thousands digit of 344845159?
5
What is the thousands digit of 841296163?
6
What is the millions digit of 296674465?
6
What is the hundred thousands digit of 420539618?
5
What is the thousands digit of 549066260?
6
What is the hundred thousands digit of 17906619?
9
What is the units digit of 1078426524?
4
What is the hundred millions digit of 496500558?
4
What is the ten thousands digit of 893709654?
0
What is the millions digit of 5695622091?
5
What is the ten millions digit of 306054833?
0
What is the millions digit of 45589651?
5
What is the units digit of 6321515461?
1
What is the hundred millions digit of 102625259?
1
What is the hundred thousands digit of 7169832?
1
What is the ten thousands digit of 189739915?
3
What is the units digit of 1380101182?
2
What is the millions digit of 126826803?
6
What is the hundred thousands digit of 1056283827?
2
What is the ten thousands digit of 726633252?
3
What is the millions digit of 2287175587?
7
What is the hundreds digit of 429728459?
4
What is the billions digit of 1818221263?
1
What is the hundred thousands digit of 881113682?
1
What is the hundred thousands digit of 3930443?
9
What is the ten thousands digit of 44024131?
2
What is the thousands digit of 202880365?
0
What is the ten thousands digit of 51937103?
3
What is the billions digit of 3085421256?
3
What is the thousands digit of 1502950003?
0
What is the units digit of 207848186?
6
What is the thousands digit of 85786827?
6
What is the millions digit of 3132985579?
2
What is the hundred thousands digit of 1387111675?
1
What is the hundred millions digit of 1139681292?
1
What is the millions digit of 84406055?
4
What is the hundred thousands digit of 50888545?
8
What is the tens digit of 2602491143?
4
What is the units digit of 43895888?
8
What is the units digit of 53401278?
8
What is the ten thousands digit of 6227185144?
8
What is the ten millions digit of 150104288?
5
What is the millions digit of 245383068?
5
What is the millions digit of 48175949?
8
What is the thousands digit of 7117690079?
0
What is the ten millions digit of 118774439?
1
What is the hundreds digit of 8094492264?
2
What is the tens digit of 298333945?
4
What is the units digit of 2345502734?
4
What is the thousands digit of 3816080023?
0
What is the units digit of 1650236?
6
What is the ten thousands digit of 192120897?
2
What is the ten millions digit of 406356711?
0
What is the tens digit of 4636890397?
9
What is the billions digit of 2492413328?
2
What is the ten millions digit of 4761956294?
6
What is the millions digit of 1328050892?
8
What is the millions digit of 311733756?
1
What is the ten thousands digit of 1397927861?
2
What is the hundred thousands digit of 346212532?
2
What is the hundred millions digit of 290129425?
2
What is the ten millions digit of 13883194?
1
What is the tens digit of 14764573?
7
What is the hundred thousands digit of 627762227?
7
What is the thousands digit of 744351?
4
What is the tens digit of 29130358?
5
What is the ten millions digit of 72449820?
7
What is the tens digit of 4880064467?
6
What is the billions digit of 4475309504?
4
What is the units digit of 1126242236?
6
What is the units digit of 21316039?
9
What is the billions digit of 3110925010?
3
What is the tens digit of 333895951?
5
What is the thousands digit of 27154768?
4
What is the units digit of 611645825?
5
What is the ten thousands digit of 1296058430?
5
What is the hundred millions digit of 3290567062?
2
What is the thousands digit of 94490462?
0
What is the billions digit of 2064417705?
2
What is the units digit of 172550399?
9
What is the tens digit of 1213251411?
1
What is the tens digit of 957653363?
6
What is the thousands digit of 2580574802?
4
What is the thousands digit of 563037086?
7
What is the thousands digit of 95990235?
0
What is the thousands digit of 285599000?
9
What is the tens digit of 200717405?
0
What is the hundreds digit of 2143472545?
5
What is the millions digit of 832130232?
2
What is the millions digit of 103141751?
3
What is the hundred millions digit of 1080408940?
0
What is the millions digit of 3196667183?
6
What is the tens digit of 3805864239?
3
What is the thousands digit of 87936461?
6
What is the hundred millions digit of 447756838?
4
What is the ten millions digit of 1902815344?
0
What is the units digit of 222990278?
8
What is the tens digit of 926341596?
9
What is the hundred thousan